e greatest common factor of 114 and 339.
3
What is the greatest common factor of 22462 and 3058?
22
Calculate the highest common divisor of 12223 and 42421.
719
What is the greatest common factor of 39537 and 368?
23
Calculate the greatest common factor of 72 and 264.
24
Calculate the highest common divisor of 2010 and 45426.
402
What is the highest common factor of 31 and 16089?
31
What is the greatest common factor of 12 and 97796?
4
Calculate the highest common divisor of 35087 and 91.
13
Calculate the highest common divisor of 496 and 25544.
248
Calculate the greatest common factor of 9080 and 1362.
454
What is the greatest common factor of 26 and 210794?
2
What is the highest common factor of 5454271 and 302?
151
Calculate the greatest common factor of 9577 and 5024.
157
What is the greatest common factor of 24115 and 1638?
91
What is the highest common divisor of 176208 and 336?
48
What is the greatest common divisor of 23340 and 7260?
60
Calculate the highest common factor of 1136308 and 732.
244
Calculate the greatest common factor of 319430 and 680.
170
Calculate the greatest common factor of 882 and 1512.
126
Calculate the highest common divisor of 271 and 3994811.
271
Calculate the greatest common factor of 925 and 3305.
5
What is the greatest common factor of 3773 and 870877?
343
Calculate the highest common factor of 39 and 53727.
3
What is the greatest common divisor of 90096 and 448?
16
Calculate the greatest common divisor of 78165 and 45741.
579
What is the highest common divisor of 1422101 and 17?
17
What is the greatest common factor of 85245 and 45?
15
What is the greatest common divisor of 64 and 94048?
32
What is the greatest common factor of 121240 and 280?
280
Calculate the greatest common divisor of 21696 and 192.
192
Calculate the highest common factor of 4201568 and 14.
14
Calculate the highest common factor of 6146 and 336.
14
Calculate the highest common divisor of 5190 and 99994.
346
What is the greatest common factor of 9368 and 328?
8
What is the highest common divisor of 1600 and 1760?
160
Calculate the highest common divisor of 52 and 410423.
13
Calculate the highest common divisor of 33172 and 8.
4
What is the highest common factor of 22 and 60038?
22
Calculate the highest common divisor of 9150 and 25.
25
What is the highest common factor of 18024 and 192?
24
Calculate the greatest common factor of 352006 and 73.
73
Calculate the greatest common divisor of 174 and 869478.
174
Calculate the greatest common factor of 2369 and 3036.
23
What is the highest common factor of 7 and 123683?
7
What is the greatest common factor of 427982 and 58?
58
Calculate the highest common divisor of 1784 and 1742076.
892
Calculate the highest common factor of 396 and 140256.
36
What is the highest common factor of 49793 and 6902?
493
What is the greatest common factor of 1064 and 116641?
133
What is the highest common factor of 14 and 40243?
7
Calculate the greatest common divisor of 29166 and 6.
6
Calculate the greatest common factor of 12416976 and 1716.
1716
What is the highest common divisor of 22414 and 1420087?
1601
Calculate the greatest common factor of 3071332 and 664.
332
Calculate the greatest common divisor of 489305 and 5.
5
What is the highest common divisor of 69464 and 19608?
152
Calculate the highest common factor of 1635482 and 892.
446
Calculate the greatest common divisor of 3925 and 13025.
25
Calculate the greatest common factor of 50 and 33670.
10
What is the highest common divisor of 1900 and 200450?
950
Calculate the highest common divisor of 455 and 61035.
65
What is the highest common divisor of 6187 and 237527?
269
What is the greatest common factor of 27 and 33525?
9
Calculate the highest common divisor of 369 and 216603.
369
What is the highest common divisor of 359488 and 246?
82
What is the highest common divisor of 603371 and 167?
167
What is the highest common factor of 84 and 124692?
12
Calculate the greatest common divisor of 172 and 14069.
1
Calculate the greatest common divisor of 4102 and 756.
14
Calculate the greatest common factor of 2421 and 9.
9
Calculate the highest common divisor of 503 and 5143175.
503
What is the highest common divisor of 882400 and 240?
80
Calculate the greatest common factor of 1778 and 603758.
254
Calculate the greatest common divisor of 27313 and 130.
13
Calculate the greatest common divisor of 13063353 and 1451.
1451
What is the greatest common divisor of 2784 and 218892?
348
Calculate the greatest common factor of 5037 and 2760.
69
Calculate the highest common factor of 86760 and 10200.
120
Calculate the greatest common factor of 417053 and 91.
91
What is the highest common factor of 2553273 and 9?
9
What is the highest common divisor of 676170 and 15840?
990
What is the greatest common divisor of 144 and 503856?
144
What is the highest common divisor of 451484 and 1116?
124
What is the highest common factor of 150 and 19825?
25
What is the greatest common divisor of 33 and 147686?
11
What is the greatest common divisor of 112672 and 8?
8
Calculate the greatest common divisor of 231870 and 30.
30
Calculate the highest common factor of 2319402 and 1713.
1713
What is the greatest common divisor of 1768 and 4112?
8
What is the greatest common divisor of 588 and 672?
84
What is the highest common factor of 17860 and 665?
95
What is the greatest common divisor of 1046 and 213907?
523
What is the highest common divisor of 82806 and 20646?
222
Calculate the highest common factor of 649 and 1265.
11
Calculate the highest common divisor of 23985 and 40221.
369
What is the highest common divisor of 184886 and 5408?
338
What is the highest common factor of 45 and 2997?
9
Calculate the greatest common divisor of 44 and 4776673.
11
Calculate the greatest common divisor of 5 and 190272.
1
What is the greatest common factor of 25035 and 180?
15
Calculate the greatest common divisor of 31659 and 2.
1
What is the highest common divisor of 1070 and 5029?
107
Calculate the highest common factor of 168 and 1157478.
42
Calculate the greatest common factor of 322 and 6143599.
161
Calculate the highest common factor of 135 and 4608.
9
Calculate the highest common divisor of 1073 and 7141.
37
What is the greatest common divisor of 1442 and 5614?
14
Calculate the greatest common divisor of 63 and 1358.
7
Calculate the highest common factor of 131112 and 81.
27
What is the greatest common divisor of 46625 and 125?
125
Calculate the highest common factor of 1044571 and 22.
11
What is the greatest common factor of 3225 and 172?
43
Calculate the greatest common factor of 192 and 3288.
24
Calculate the highest common divisor of 746207 and 847.
847
What is the greatest common factor of 52 and 1239004?
52
What is the greatest common factor of 697 and 81107?
17
Calculate the greatest common factor of 9768 and 14256.
264
What is the highest common divisor of 1565046 and 28?
14
What is the highest common factor of 1300 and 510?
10
Calculate the greatest common divisor of 2685 and 31170.
15
What is the greatest common divisor of 267948 and 48?
12
Calculate the highest common factor of 24621 and 4611.
87
What is the highest common factor of 308112 and 2?
2
What is the highest common factor of 795 and 4929?
159
What is the highest common divisor of 722 and 29868?
38
What is the highest common divisor of 1504521 and 927?
927
What is the greatest common divisor of 4172 and 252?
28
What is the highest common factor of 7809 and 5343?
411
What is the greatest common factor of 532 and 13433?
133
What is the highest common divisor of 61944 and 3738?
534
Calculate the highest common factor of 3516 and 473781.
879
What is the greatest common factor of 497 and 33257?
7
What is the highest common divisor of 813 and 177505?
271
What is the highest common divisor of 132926 and 2?
2
Calculate the greatest common divisor of 704643 and 193.
193
What is the greatest common divisor of 20904 and 6231?
201
Calculate the highest common divisor of 66664 and 1768.
104
What is the greatest common divisor of 211387 and 3751?
121
Calculate the highest common factor of 19549 and 7571.
113
Calculate the highest common factor of 430743 and 201.
201
Calculate the greatest common divisor of 15695 and 1168.
73
Calculate the 